What is the millions digit of 307185719?
7
What is the tens digit of 110503350?
5
What is the units digit of 31160822?
2
What is the ten thousands digit of 59314032?
1
What is the hundred thousands digit of 2361482026?
4
What is the hundred thousands digit of 8647209?
6
What is the ten millions digit of 217850764?
1
What is the thousands digit of 849337479?
7
What is the hundreds digit of 3433159915?
9
What is the thousands digit of 2716588?
6
What is the ten thousands digit of 791764?
9
What is the thousands digit of 103697727?
7
What is the millions digit of 1042761867?
2
What is the ten millions digit of 33641822?
3
What is the tens digit of 1340329?
2
What is the tens digit of 84627841?
4
What is the billions digit of 3895610389?
3
What is the ten millions digit of 211672115?
1
What is the thousands digit of 1364197707?
7
What is the hundreds digit of 4272886089?
0
What is the thousands digit of 2867509775?
9
What is the thousands digit of 47996029?
6
What is the ten millions digit of 93883005?
9
What is the hundred thousands digit of 85091684?
0
What is the ten millions digit of 38232574?
3
What is the millions digit of 1101224?
1
What is the ten millions digit of 44135673?
4
What is the ten thousands digit of 1336968690?
6
What is the hundred millions digit of 2800983333?
8
What is the tens digit of 48185607?
0
What is the hundred thousands digit of 2407021543?
0
What is the ten millions digit of 222235921?
2
What is the tens digit of 557161465?
6
What is the hundred thousands digit of 267336399?
3
What is the units digit of 1162145435?
5
What is the billions digit of 1260485635?
1
What is the ten millions digit of 1362478141?
6
What is the hundred thousands digit of 2984843193?
8
What is the ten thousands digit of 235281144?
8
What is the millions digit of 517322451?
7
What is the ten millions digit of 183880303?
8
What is the millions digit of 59026792?
9
What is the thousands digit of 5857555?
7
What is the units digit of 1797134191?
1
What is the hundreds digit of 23529858?
8
What is the ten millions digit of 1903989976?
0
What is the ten millions digit of 70550235?
7
What is the tens digit of 58641231?
3
What is the hundreds digit of 427707648?
6
What is the hundred thousands digit of 38775582?
7
What is the hundreds digit of 106738472?
4
What is the ten thousands digit of 5359931135?
3
What is the hundred millions digit of 203303005?
2
What is the millions digit of 2283343082?
3
What is the tens digit of 840225725?
2
What is the billions digit of 1759158699?
1
What is the millions digit of 502055929?
2
What is the hundreds digit of 137090654?
6
What is the hundred millions digit of 656438888?
6
What is the ten millions digit of 26273177?
2
What is the hundred millions digit of 393234064?
3
What is the ten millions digit of 37331900?
3
What is the ten millions digit of 138271205?
3
What is the ten thousands digit of 106309567?
0
What is the hundred millions digit of 861595483?
8
What is the tens digit of 62322034?
3
What is the tens digit of 3100502019?
1
What is the units digit of 174603362?
2
What is the millions digit of 90248640?
0
What is the hundred millions digit of 737354752?
7
What is the hundred thousands digit of 29940415?
9
What is the hundred thousands digit of 39496788?
4
What is the ten thousands digit of 251579257?
7
What is the ten millions digit of 23163850?
2
What is the ten thousands digit of 112382659?
8
What is the tens digit of 68380516?
1
What is the tens digit of 62753640?
4
What is the hundred millions digit of 1203145968?
2
What is the ten thousands digit of 85446?
8
What is the hundred thousands digit of 3018854188?
8
What is the thousands digit of 751815718?
5
What is the thousands digit of 563257897?
7
What is the ten millions digit of 82612734?
8
What is the ten millions digit of 5128362733?
2
What is the hundred millions digit of 257322826?
2
What is the ten millions digit of 294720667?
9
What is the hundred thousands digit of 165182984?
1
What is the ten thousands digit of 1677735905?
3
What is the hundreds digit of 3449606291?
2
What is the ten thousands digit of 53358803?
5
What is the ten millions digit of 324332353?
2
What is the units digit of 239683572?
2
What is the hundred millions digit of 3148459476?
1
What is the millions digit of 16450728?
6
What is the hundred thousands digit of 4484590390?
5
What is the hundred thousands digit of 279633438?
6
What is the tens digit of 59803088?
8
What is the ten thousands digit of 1616044841?
4
What is the hundreds digit of 651634009?
0
What is the hundred thousands digit of 100950468?
9
What is the units digit of 1404335389?
9
What is the ten thousands digit of 52564367?
6
What is the tens digit of 127019215?
1
What is the millions digit of 300500033?
0
What is the hundred thousands digit of 148977406?
9
What is the ten millions digit of 475784747?
7
What is the hundreds digit of 317877551?
5
What is the ten thousands digit of 288072951?
7
What is the units digit of 298447699?
9
What is the millions digit of 1124317105?
4
What is the ten millions digit of 148703789?
4
What is the units digit of 3245486?
6
What is the ten thousands digit of 1191860595?
6
What is the tens digit of 241623275?
7
What is the hundred millions digit of 162724687?
1
What is the thousands digit of 335293401?
3
What is the units digit of 102044908?
8
What is the ten thousands digit of 144567423?
6
What is the ten millions digit of 61696922?
6
What is the thousands digit of 203669843?
9
What is the thousands digit of 116214042?
4
What is the units digit of 136516972?
2
What is the units digit of 64544690?
0
What is the hundreds digit of 686024366?
3
What is the tens digit of 1825056257?
5
What is the hundred thousands digit of 703335992?
3
What is the hundreds digit of 1772157643?
6
What is the ten millions digit of 1126964574?
2
What is the hundred thousands digit of 820219120?
2
What is the hundreds digit of 936033035?
0
What is the thousands digit of 781371410?
1
What is the units digit of 103548711?
1
What is the hundred millions digit of 3159602231?
1
What is the hundreds digit of 104372432?
4
What is the thousands digit of 39752474?
2
What is the thousands digit of 36499559?
9
What is the millions digit of 201978942?
1
What is the units digit of 1561192334?
4
What is the ten thousands digit of 37325767?
2
What is the hundred thousands digit of 32652977?
6
What is the units digit of 763503523?
3
What is the ten millions digit of 701476636?
0
What is the hundred thousands digit of 12206713?
2
What is the hundred thousands digit of 48673739?
6
What is the ten thousands digit of 46526190?
2
What is the thousands digit of 5368482498?
2
What is the ten millions digit of 27999954?
2
What is the hundreds digit of 2667995704?
7
What is the hundreds digit of 2113502148?
1
What is the tens digit of 36125129?
2
What is the ten thousands digit of 43737636?
3
What is the hundreds digit of 2341354712?
7
What is the millions digit of 238856698?
8
What is the hundred thousands digit of 70836439?
8
What is the hundred millions digit of 1290440755?
2
What is the hundreds digit of 7011673?
6
What is the ten thousands digit of 204673554?
7
What is the millions digit of 159089579?
9
What is the millions digit of 40812195?
0
What is the millions digit of 423817302?
3
What is the millions digit of 272477375?
2
What is the tens digit of 501959580?
8
What is the units digit of 494246484?
4
What is the hundred millions digit of 1693722025?
6
What is the hundreds digit of 624208925?
9
What is the units digit of 156987146?
6
What is the hundreds digit of 2383645602?
6
What is the hundreds digit of 908093248?
2
What is the ten thousands digit of 8787301380?
0
What is the millions digit of 979218898?
9
What is the tens digit of 1669719089?
8
What is the tens digit of 41243883?
8
What is the tens digit of 83895323?
2
What is the billions digit of 2559918066?
2
What is the hundreds digit of 1494259421?
4
What is the hundreds digit of 1169645269?
2
What is the ten thousands digit of 1119054624?
5
What is the units digit of 38507865?
5
What is the ten thousands digit of 76289544?
8
What is the tens digit of 484854959?
5
What is the hundreds digit of 667162374?
3
What is the tens digit of 600248828?
2
Wh